{"id":190,"date":"2023-08-13T12:12:30","date_gmt":"2023-08-13T12:12:30","guid":{"rendered":"https:\/\/www.nyedsjsk.se\/?page_id=190"},"modified":"2024-04-02T10:30:11","modified_gmt":"2024-04-02T10:30:11","slug":"ansvariga-skjutbanor","status":"publish","type":"page","link":"https:\/\/www.nyedsjsk.se\/?page_id=190","title":{"rendered":"Ansvariga Skjutbanor"},"content":{"rendered":"\n<p class=\"has-dark-yellow-color has-text-color has-large-font-size\"><strong>Inskjutningsbanan<\/strong><\/p>\n\n\n\n<p class=\"has-white-color has-text-color\">Viktor Hellstr\u00f6m 070-3295284<\/p>\n\n\n\n<p class=\"has-white-color has-text-color\">Stefan R\u00e5dberg 073-0343341<\/p>\n\n\n\n<p class=\"has-dark-yellow-color has-text-color has-large-font-size\">Viltm\u00e5lsbanan 50 Meter 22LF<\/p>\n\n\n\n<p class=\"has-white-color has-text-color\">Bj\u00f6rn Einarsson 070-3950607<\/p>\n\n\n\n<p class=\"has-white-color has-text-color\">Annica Einarsson 073-1598622<\/p>\n\n\n\n<p class=\"has-dark-yellow-color has-text-color has-large-font-size\">Viltm\u00e5lsbanan 80 Meter<\/p>\n\n\n\n<p class=\"has-white-color has-text-color\">Mats Gustafsson 073-9242124<\/p>\n\n\n\n<p class=\"has-white-color has-text-color\">Karl-Johan Johansson 070-6426924<\/p>\n\n\n\n<p class=\"has-dark-yellow-color has-text-color has-large-font-size\">Skeetbanan<\/p>\n\n\n\n<p class=\"has-white-color has-text-color\">Sten-Ove Berg 073-6750178<\/p>\n\n\n\n<p class=\"has-dark-yellow-color has-text-color has-large-font-size\">Trappbanor<\/p>\n\n\n\n<p class=\"has-white-color has-text-color\">Mathias Hall 073-3874575<\/p>\n\n\n\n<p class=\"has-white-color has-text-color\">Danne Hall 073-8416914<\/p>\n","protected":false},"excerpt":{"rendered":"<p>Inskjutningsbanan Viktor Hellstr\u00f6m 070-3295284 Stefan R\u00e5dberg 073-0343341 Viltm\u00e5lsbanan 50 Meter 22LF Bj\u00f6rn Einarsson 070-3950607 Annica Einarsson 073-1598622 Viltm\u00e5lsbanan 80 Meter Mats Gustafsson 073-9242124 Karl-Johan Johansson 070-6426924 Skeetbanan Sten-Ove Berg 073-6750178 Trappbanor Mathias Hall 073-3874575 Danne<\/p>\n<p class=\"more-link\"><a href=\"https:\/\/www.nyedsjsk.se\/?page_id=190\" class=\"readmore\">Forts\u00e4tt l\u00e4sa<svg class=\"icon icon-arrow-right\" aria-hidden=\"true\" role=\"img\"> <use href=\"#icon-arrow-right\" xlink:href=\"#icon-arrow-right\"><\/use> <\/svg><span class=\"screen-reader-text\">Ansvariga Skjutbanor<\/span><\/a><\/p>\n","protected":false},"author":1,"featured_media":0,"parent":0,"menu_order":0,"comment_status":"closed","ping_status":"closed","template":"","meta":{"footnotes":""},"class_list":["post-190","page","type-page","status-publish","hentry"],"_links":{"self":[{"href":"https:\/\/www.nyedsjsk.se\/index.php?rest_route=\/wp\/v2\/pages\/190","targetHints":{"allow":["GET"]}}],"collection":[{"href":"https:\/\/www.nyedsjsk.se\/index.php?rest_route=\/wp\/v2\/pages"}],"about":[{"href":"https:\/\/www.nyedsjsk.se\/index.php?rest_route=\/wp\/v2\/types\/page"}],"author":[{"embeddable":true,"href":"https:\/\/www.nyedsjsk.se\/index.php?rest_route=\/wp\/v2\/users\/1"}],"replies":[{"embeddable":true,"href":"https:\/\/www.nyedsjsk.se\/index.php?rest_route=%2Fwp%2Fv2%2Fcomments&post=190"}],"version-history":[{"count":5,"href":"https:\/\/www.nyedsjsk.se\/index.php?rest_route=\/wp\/v2\/pages\/190\/revisions"}],"predecessor-version":[{"id":307,"href":"https:\/\/www.nyedsjsk.se\/index.php?rest_route=\/wp\/v2\/pages\/190\/revisions\/307"}],"wp:attachment":[{"href":"https:\/\/www.nyedsjsk.se\/index.php?rest_route=%2Fwp%2Fv2%2Fmedia&parent=190"}],"curies":[{"name":"wp","href":"https:\/\/api.w.org\/{rel}","templated":true}]}}